{"id":3692,"date":"2016-10-26T14:37:50","date_gmt":"2016-10-26T13:37:50","guid":{"rendered":"http:\/\/catecheses.org\/site\/?page_id=3692"},"modified":"2020-02-25T02:11:38","modified_gmt":"2020-02-25T01:11:38","slug":"a-26-1er-dimanche-de-careme","status":"publish","type":"page","link":"https:\/\/catecheses.org\/site\/?page_id=3692","title":{"rendered":"A 26 1er de CAR\u00caME"},"content":{"rendered":"<h3><a href=\"https:\/\/catecheses.org\/site\/pdf\/A 26 1er CAREME 01 TEXTES.pdf\">A 26 1er CAR\u00caME 01 TEXTES<\/a><\/h3>\n<h3><a href=\"https:\/\/catecheses.org\/site\/pdf\/A 26 1er CAREME 02 PERES.pdf\">A 26 1er CAR\u00caME 02 PERES<\/a><\/h3>\n<h3><a href=\"https:\/\/catecheses.org\/site\/pdf\/A 26 1er CAREME 03 COMMENTAIRES.pdf\">A 26 1er CAR\u00caME 03 COMMENTAIRES<\/a><\/h3>\n<h3><a href=\"https:\/\/catecheses.org\/site\/pdf\/A 26 1er CAREME 04 HOMELIE.pdf\">A 26 1er CAR\u00caME 04 HOM\u00c9LIE<\/a><\/h3>\n","protected":false},"excerpt":{"rendered":"<p>A 26 1er CAR\u00caME 01 TEXTES A 26 1er CAR\u00caME 02 PERES A 26 1er CAR\u00caME 03 COMMENTAIRES A 26 1er CAR\u00caME 04 HOM\u00c9LIE<\/p>\n","protected":false},"author":1,"featured_media":0,"parent":2490,"menu_order":26,"comment_status":"closed","ping_status":"closed","template":"","meta":{"footnotes":""},"class_list":["post-3692","page","type-page","status-publish","hentry"],"_links":{"self":[{"href":"https:\/\/catecheses.org\/site\/index.php?rest_route=\/wp\/v2\/pages\/3692","targetHints":{"allow":["GET"]}}],"collection":[{"href":"https:\/\/catecheses.org\/site\/index.php?rest_route=\/wp\/v2\/pages"}],"about":[{"href":"https:\/\/catecheses.org\/site\/index.php?rest_route=\/wp\/v2\/types\/page"}],"author":[{"embeddable":true,"href":"https:\/\/catecheses.org\/site\/index.php?rest_route=\/wp\/v2\/users\/1"}],"replies":[{"embeddable":true,"href":"https:\/\/catecheses.org\/site\/index.php?rest_route=%2Fwp%2Fv2%2Fcomments&post=3692"}],"version-history":[{"count":7,"href":"https:\/\/catecheses.org\/site\/index.php?rest_route=\/wp\/v2\/pages\/3692\/revisions"}],"predecessor-version":[{"id":3694,"href":"https:\/\/catecheses.org\/site\/index.php?rest_route=\/wp\/v2\/pages\/3692\/revisions\/3694"}],"up":[{"embeddable":true,"href":"https:\/\/catecheses.org\/site\/index.php?rest_route=\/wp\/v2\/pages\/2490"}],"wp:attachment":[{"href":"https:\/\/catecheses.org\/site\/index.php?rest_route=%2Fwp%2Fv2%2Fmedia&parent=3692"}],"curies":[{"name":"wp","href":"https:\/\/api.w.org\/{rel}","templated":true}]}}

A 26 1er de CARÊME

<h3><a href="https://catecheses.org/site/pdf/A 26 1er CAREME 01 TEXTES.pdf">A 26 1er CARÊME 01 TEXTES</a></h3>
<h3><a href="https://catecheses.org/site/pdf/A 26 1er CAREME 02 PERES.pdf">A 26 1er CARÊME 02 PERES</a></h3>
<h3><a href="https://catecheses.org/site/pdf/A 26 1er CAREME 03 COMMENTAIRES.pdf">A 26 1er CARÊME 03 COMMENTAIRES</a></h3>
<h3><a href="https://catecheses.org/site/pdf/A 26 1er CAREME 04 HOMELIE.pdf">A 26 1er CARÊME 04 HOMÉLIE</a></h3>

<p>A 26 1er CARÊME 01 TEXTES A 26 1er CARÊME 02 PERES A 26 1er CARÊME 03 COMMENTAIRES A 26 1er CARÊME 04 HOMÉLIE</p>
