{"id":2495,"date":"2015-01-21T10:18:01","date_gmt":"2015-01-21T09:18:01","guid":{"rendered":"http:\/\/catecheses.org\/site\/?page_id=2495"},"modified":"2019-11-18T15:37:17","modified_gmt":"2019-11-18T14:37:17","slug":"annee-c","status":"publish","type":"page","link":"https:\/\/catecheses.org\/site\/?page_id=2495","title":{"rendered":"ANNEE C"},"content":{"rendered":"<h2><a href=\"https:\/\/catecheses.org\/site\/pdf\/INDICATIONS PREALABLES IMPORTANTES.pdf\">INDICATIONS PR\u00c9ALABLES IMPORTANTES<\/a><\/h2>\n<h3 class=\"page-title\"><a href=\"https:\/\/catecheses.org\/site\/?page_id=3319\">PLAN ANN\u00c9E C\u00a0<\/a><\/h3>\n<h3><span style=\"color: #ff0000;\">On restera attentif au fait que le plan retenu adopte un ordre fixe et ne tient pas compte de ce que certains dimanches et f\u00eates peuvent s&rsquo;intercaler diff\u00e9remment suivant les ann\u00e9es.<\/span><\/h3>\n<h3><a href=\"https:\/\/catecheses.org\/site\/?page_id=4801\">PLAN AVENT C<\/a><\/h3>\n<h3><a href=\"https:\/\/catecheses.org\/site\/?page_id=4736\">1er Dimanche AVENT C<\/a><\/h3>\n<h3><a href=\"https:\/\/catecheses.org\/site\/?page_id=4746\">8 DECEMBRE : IMMACUL\u00c9E CONCEPTION<\/a><\/h3>\n<h3><a href=\"https:\/\/catecheses.org\/site\/?page_id=4767\">2e Dimanche AVENT C<\/a><\/h3>\n<h3><a href=\"https:\/\/catecheses.org\/site\/?page_id=4773\">3e Dimanche AVENT C<\/a><\/h3>\n<h3><a href=\"https:\/\/catecheses.org\/site\/?page_id=4778\">4e Dimanche AVENT C<\/a><\/h3>\n<h2><a href=\"https:\/\/catecheses.org\/site\/?page_id=4793\">NO\u00cbL VEILLE AU SOIR<\/a><\/h2>\n<h2><a href=\"https:\/\/catecheses.org\/site\/?page_id=4264\">NO\u00cbL NUIT<\/a><\/h2>\n<h2><a href=\"https:\/\/catecheses.org\/site\/?page_id=4823\">NO\u00cbL AURORE<\/a><\/h2>\n<h2><a href=\"https:\/\/catecheses.org\/site\/?page_id=4829\">NO\u00cbL JOUR<\/a><\/h2>\n<h3><a href=\"https:\/\/catecheses.org\/site\/?page_id=4837\">Dimanche de la SAINTE FAMILLE C<\/a><\/h3>\n<h3><a href=\"https:\/\/catecheses.org\/site\/?page_id=4815\">1er JANVIER : MARIE M\u00c8RE DE DIEU<\/a><\/h3>\n<h2><a href=\"https:\/\/catecheses.org\/site\/?page_id=3497\">\u00c9PIPHANIE<\/a><\/h2>\n<h3><a style=\"font-size: 16px;\" href=\"https:\/\/catecheses.org\/site\/?page_id=4871\">BAPT\u00caME DU SEIGNEUR C<\/a><\/h3>\n<h3><a href=\"https:\/\/catecheses.org\/site\/?page_id=4879\">2e Dimanche ORDINAIRE C : CANA<\/a><\/h3>\n<h3><a href=\"https:\/\/catecheses.org\/site\/?page_id=4891\">3e Dimanche ORDINAIRE C<\/a><\/h3>\n<h3><a href=\"https:\/\/catecheses.org\/site\/?page_id=4923\">4e Dimanche ORDINAIRE C<\/a><\/h3>\n<h3><a href=\"https:\/\/catecheses.org\/site\/?page_id=4939\">5e Dimanche ORDINAIRE C<\/a><\/h3>\n<h3><a href=\"https:\/\/catecheses.org\/site\/?page_id=4944\">6e Dimanche ORDINAIRE C : Les B\u00c9ATITUDES<\/a><\/h3>\n<h3><a href=\"https:\/\/catecheses.org\/site\/?page_id=4953\">7e Dimanche ORDINAIRE C<\/a><\/h3>\n<h3><a href=\"https:\/\/catecheses.org\/site\/?page_id=4961\">8e Dimanche ORDINAIRE C<\/a><\/h3>\n<h3><a href=\"https:\/\/catecheses.org\/site\/?page_id=5326\">19 Mars : Saint JOSEPH \u00e9poux de Marie<\/a><\/h3>\n<h5><em>9e Dimanche ORDINAIRE C<\/em><\/h5>\n<h3><a href=\"https:\/\/catecheses.org\/site\/?page_id=4965\">MERCREDI des CENDRES C<\/a><\/h3>\n<h3><a href=\"https:\/\/catecheses.org\/site\/?page_id=4968\">1er Dimanche de CAR\u00caME C : TENTATIONS de J\u00c9SUS<\/a><\/h3>\n<h3><a href=\"https:\/\/catecheses.org\/site\/?page_id=4975\">2e Dimanche de CAR\u00caME C : TRANSFIGURATION de J\u00c9SUS<\/a><\/h3>\n<h3><a href=\"https:\/\/catecheses.org\/site\/?page_id=4981\">3e Dimanche de CAR\u00caME C : le FIGUIER ST\u00c9RILE<\/a><\/h3>\n<h3><a href=\"https:\/\/catecheses.org\/site\/?page_id=4987\">4e Dimanche de CAR\u00caME C : le P\u00c8RE MIS\u00c9RICORDIEUX<\/a><\/h3>\n<h3><a href=\"https:\/\/catecheses.org\/site\/?page_id=4993\">5e Dimanche de CAR\u00caME C : La FEMME ADULT\u00c8RE<\/a><\/h3>\n<h2><a href=\"https:\/\/catecheses.org\/site\/?page_id=5001\">DIMANCHE des RAMEAUX et de la PASSION C<\/a><\/h2>\n<h2><a href=\"https:\/\/catecheses.org\/site\/?page_id=5018\">JEUDI SAINT<\/a><\/h2>\n<h2><a href=\"https:\/\/catecheses.org\/site\/?page_id=5025\">VENDREDI SAINT<\/a><\/h2>\n<h2><a href=\"https:\/\/catecheses.org\/site\/?page_id=5032\">VIGILE PASCALE<\/a><\/h2>\n<h2><a href=\"https:\/\/catecheses.org\/site\/?page_id=5063\">DIMANCHE de P\u00c2QUES<\/a><\/h2>\n<h3><a href=\"https:\/\/catecheses.org\/site\/?page_id=5083\">2e Dimanche de P\u00c2QUES C ou de la Divine MIS\u00c9RICORDE<\/a><\/h3>\n<h3><a href=\"https:\/\/catecheses.org\/site\/?page_id=5091\">3e Dimanche de P\u00c2QUES C<\/a><\/h3>\n<h3><a href=\"https:\/\/catecheses.org\/site\/?page_id=5099\">4e Dimanche de P\u00c2QUES C<\/a><\/h3>\n<h3><a href=\"https:\/\/catecheses.org\/site\/?page_id=5105\">5e Dimanche de P\u00c2QUES C<\/a><\/h3>\n<h3><a href=\"https:\/\/catecheses.org\/site\/?page_id=5111\">6e Dimanche de P\u00c2QUES C<\/a><\/h3>\n<h2><a href=\"https:\/\/catecheses.org\/site\/?page_id=5119\">ASCENSION<\/a><\/h2>\n<h3><a href=\"https:\/\/catecheses.org\/site\/?page_id=5123\">7e Dimanche de P\u00c2QUES C<\/a><\/h3>\n<h2><a href=\"https:\/\/catecheses.org\/site\/?page_id=5135\">Dimanche de PENTEC\u00d4TE<\/a><\/h2>\n<h3><a href=\"https:\/\/catecheses.org\/site\/?page_id=3245\">Dimanche de la SAINTE TRINIT\u00c9 C<\/a><\/h3>\n<h3><a href=\"https:\/\/catecheses.org\/site\/?page_id=3268\">Dimanche du SAINT SACREMENT C<\/a><\/h3>\n<h5><em>10e Dimanche ORDINAIRE C<\/em><\/h5>\n<h5><em>11e Dimanche ORDINAIRE C<\/em><\/h5>\n<h5><em>12e Dimanche ORDINAIRE C<\/em><\/h5>\n<h3><a href=\"https:\/\/catecheses.org\/site\/?page_id=5153\">13e Dimanche ORDINAIRE C<\/a><\/h3>\n<h3><a href=\"https:\/\/catecheses.org\/site\/?page_id=3505\">14e Dimanche ORDINAIRE C<\/a><\/h3>\n<h3><a href=\"https:\/\/catecheses.org\/site\/?page_id=3512\">15e Dimanche ORDINAIRE C<\/a><\/h3>\n<h3><a href=\"https:\/\/catecheses.org\/site\/?page_id=5167\">16e Dimanche ORDINAIRE C<\/a><\/h3>\n<h3><a href=\"https:\/\/catecheses.org\/site\/?page_id=5181\">17e Dimanche ORDINAIRE C<\/a><\/h3>\n<h3><a href=\"https:\/\/catecheses.org\/site\/?page_id=5191\">18e Dimanche ORDINAIRE C<\/a><\/h3>\n<h3><a href=\"https:\/\/catecheses.org\/site\/?page_id=5204\">6 AO\u00dbT : TRANSFIGURATION du SEIGNEUR J\u00c9SUS C<\/a><\/h3>\n<h3><a href=\"https:\/\/catecheses.org\/site\/?page_id=5198\">19e Dimanche ORDINAIRE C<\/a><\/h3>\n<h3><a href=\"https:\/\/catecheses.org\/site\/?page_id=5251\">14 ao\u00fbt : Veille de l&rsquo;ASSOMPTION<\/a><\/h3>\n<h2><a href=\"https:\/\/catecheses.org\/site\/?page_id=5224\">15 ao\u00fbt : ASSOMPTION de la VIERGE MARIE<\/a><\/h2>\n<h3><a href=\"https:\/\/catecheses.org\/site\/?page_id=5233\">20e Dimanche ORDINAIRE C<\/a><\/h3>\n<h3><a href=\"https:\/\/catecheses.org\/site\/?page_id=5239\">21e Dimanche ORDINAIRE C<\/a><\/h3>\n<h3><a href=\"https:\/\/catecheses.org\/site\/?page_id=5245\">22e Dimanche ORDINAIRE C<\/a><\/h3>\n<h3><a href=\"https:\/\/catecheses.org\/site\/?page_id=5254\">23e Dimanche ORDINAIRE C<\/a><\/h3>\n<h3><a href=\"https:\/\/catecheses.org\/site\/?page_id=5258\">14 Septembre : LA CROIX GLORIEUSE<\/a><\/h3>\n<h3><a href=\"https:\/\/catecheses.org\/site\/?page_id=5263\">24e Dimanche ORDINAIRE C<\/a><\/h3>\n<h3><a href=\"https:\/\/catecheses.org\/site\/?page_id=5270\">25e Dimanche ORDINAIRE C<\/a><\/h3>\n<h3><a href=\"https:\/\/catecheses.org\/site\/?page_id=5273\">26e Dimanche ORDINAIRE C<\/a><\/h3>\n<h3><a href=\"https:\/\/catecheses.org\/site\/?page_id=5281\">27e Dimanche ORDINAIRE C<\/a><\/h3>\n<h3><a href=\"https:\/\/catecheses.org\/site\/?page_id=5283\">28e Dimanche ORDINAIRE C<\/a><\/h3>\n<h3><a href=\"https:\/\/catecheses.org\/site\/?page_id=5285\">29e Dimanche ORDINAIRE C<\/a><\/h3>\n<h3><a href=\"https:\/\/catecheses.org\/site\/?page_id=5333\">30e Dimanche ORDINAIRE C<\/a><\/h3>\n<h3><a href=\"https:\/\/catecheses.org\/site\/?page_id=5289\">1er Novembre : TOUSSAINT ABC<\/a><\/h3>\n<h3><a href=\"https:\/\/catecheses.org\/site\/?page_id=5291\">2 Novembre : FIDELES DEFUNTS<\/a><\/h3>\n<h3><a href=\"https:\/\/catecheses.org\/site\/?page_id=5293\">31e Dimanche ORDINAIRE C<\/a><\/h3>\n<h3><a href=\"https:\/\/catecheses.org\/site\/?page_id=5295\">9 Novembre : D\u00e9dicace du Latran ABC<\/a><\/h3>\n<h3><a href=\"https:\/\/catecheses.org\/site\/?page_id=5297\">32e Dimanche ORDINAIRE C<\/a><\/h3>\n<h3><a href=\"https:\/\/catecheses.org\/site\/?page_id=5299\">33e Dimanche ORDINAIRE C<\/a><\/h3>\n<h3><a href=\"https:\/\/catecheses.org\/site\/?page_id=5301\">34e Dimanche ORDINAIRE C CHRIST-ROI<\/a><\/h3>\n<p>Entam\u00e9e le 20 mai 2016, la mise sur site des traductions et des commentaires des dimanches et grandes f\u00eates principales des trois ann\u00e9es liturgiques dus \u00e0 l&rsquo;abb\u00e9 Weets est termin\u00e9e en ce jour de Toussaint 2019.<\/p>\n","protected":false},"excerpt":{"rendered":"<p>INDICATIONS PR\u00c9ALABLES IMPORTANTES PLAN ANN\u00c9E C\u00a0 On restera attentif au fait que le plan retenu adopte un ordre fixe et ne tient pas compte de ce que certains dimanches et f\u00eates peuvent s&rsquo;intercaler diff\u00e9remment suivant les ann\u00e9es. PLAN AVENT C 1er Dimanche AVENT C 8 DECEMBRE : IMMACUL\u00c9E CONCEPTION 2e Dimanche AVENT C 3e Dimanche [&hellip;]<\/p>\n","protected":false},"author":1,"featured_media":0,"parent":2487,"menu_order":3,"comment_status":"closed","ping_status":"closed","template":"","meta":{"footnotes":""},"class_list":["post-2495","page","type-page","status-publish","hentry"],"_links":{"self":[{"href":"https:\/\/catecheses.org\/site\/index.php?rest_route=\/wp\/v2\/pages\/2495","targetHints":{"allow":["GET"]}}],"collection":[{"href":"https:\/\/catecheses.org\/site\/index.php?rest_route=\/wp\/v2\/pages"}],"about":[{"href":"https:\/\/catecheses.org\/site\/index.php?rest_route=\/wp\/v2\/types\/page"}],"author":[{"embeddable":true,"href":"https:\/\/catecheses.org\/site\/index.php?rest_route=\/wp\/v2\/users\/1"}],"replies":[{"embeddable":true,"href":"https:\/\/catecheses.org\/site\/index.php?rest_route=%2Fwp%2Fv2%2Fcomments&post=2495"}],"version-history":[{"count":155,"href":"https:\/\/catecheses.org\/site\/index.php?rest_route=\/wp\/v2\/pages\/2495\/revisions"}],"predecessor-version":[{"id":5399,"href":"https:\/\/catecheses.org\/site\/index.php?rest_route=\/wp\/v2\/pages\/2495\/revisions\/5399"}],"up":[{"embeddable":true,"href":"https:\/\/catecheses.org\/site\/index.php?rest_route=\/wp\/v2\/pages\/2487"}],"wp:attachment":[{"href":"https:\/\/catecheses.org\/site\/index.php?rest_route=%2Fwp%2Fv2%2Fmedia&parent=2495"}],"curies":[{"name":"wp","href":"https:\/\/api.w.org\/{rel}","templated":true}]}}